{"id":410,"date":"2014-07-29T13:58:03","date_gmt":"2014-07-29T11:58:03","guid":{"rendered":"http:\/\/www.pgd-sostanj.si\/?page_id=410"},"modified":"2020-08-15T13:10:00","modified_gmt":"2020-08-15T11:10:00","slug":"zakonodaja","status":"publish","type":"page","link":"http:\/\/www.pgd-sostanj.si\/?page_id=410","title":{"rendered":"Zakonodaja"},"content":{"rendered":"<ul style=\"color: #4d4d4d;\">\n<li><strong style=\"font-weight: bold;\">Zakon o varstvu pred naravnimi in drugimi nesre\u010dami<\/strong>:\u00a0<a style=\"color: #910d0d;\" href=\"http:\/\/www.uradni-list.si\/1\/content?id=101020&amp;part=&amp;highlight=%25E2%2580%25A2%2509Zakon+o+varstvu+pred+naravnimi+in+drugimi+nesre%25C4%258Dami#!\/Zakon-o-spremembah-in-dopolnitvah-Zakona-o-varstvu-pred-naravnimi-in-drugimi-nesrecami-%28ZVNDN-B%29\" target=\"_blank\" rel=\"noopener\">ZVNDN-B<\/a>\u00a0(spremembe\u00a0 &#8211; Ur.l. RS \u0161t. UL \u0161t. 97, 3. 12. 2010),\u00a0<a style=\"color: #910d0d;\" href=\"http:\/\/www.uradni-list.si\/1\/objava.jsp?urlid=200651&amp;stevilka=2182\" target=\"_blank\" rel=\"noopener\">ZVNDN-UPB1<\/a>\u00a0(UL \u0161t. 51, 18. 5. 2006),<\/li>\n<li><strong style=\"font-weight: bold;\">Zakon o gasilstvu<\/strong>:\u00a0<a style=\"color: #910d0d;\" href=\"http:\/\/www.uradni-list.si\/1\/content?id=59462&amp;part=&amp;highlight=Zakon+o+gasilstvu#!\/Zakon-o-gasilstvu-%28uradno-precisceno-besedilo%29-%28ZGas-UPB1%29\" target=\"_blank\" rel=\"noopener\">ZGas-UPB1<\/a>\u00a0(UL \u0161t. 113, 16. 12. 2005)<\/li>\n<li><strong style=\"font-weight: bold;\">Zakon o varstvu pred po\u017earom<\/strong>:\u00a0<a style=\"color: #910d0d;\" href=\"http:\/\/www.uradni-list.si\/1\/content?id=110389&amp;part=&amp;highlight=Zakon+o+varstvu+pred+po%25C5%25BEarom#!\/Zakon-o-spremembah-in-dopolnitvah-Zakona-o-varstvu-pred-pozarom-(ZVPoz-D)\" target=\"_blank\" rel=\"noopener\">ZVPoz-D<\/a>\u00a0(spremembe &#8211; UL \u0161t. 83, 6. 11. 2012),\u00a0<a style=\"color: #910d0d;\" href=\"http:\/\/www.uradni-list.si\/1\/objava.jsp?urlid=20119&amp;stevilka=323\" target=\"_blank\" rel=\"noopener\">ZVPoz-C<\/a>\u00a0(spremembe &#8211; UL \u0161t. 9, 11. 2. 2011),\u00a0<a style=\"color: #910d0d;\" href=\"http:\/\/zakonodaja.gov.si\/rpsi\/r02\/predpis_ZAKO302.html\" target=\"_blank\" rel=\"noopener\">ZVPoz-UPB1<\/a>\u00a0(uradno pre\u010di\u0161\u010deno besedilo &#8211; UL \u0161t. 3, 12. 1. 2007)<\/li>\n<li><strong style=\"font-weight: bold;\">Zakon o varstvu pred utopitvami<\/strong>:\u00a0<a style=\"color: #910d0d;\" href=\"http:\/\/www.uradni-list.si\/1\/content?id=102148&amp;part=&amp;highlight=Zakon+o+varstvu+pred+utopitvami#!\/Zakon-o-dopolnitvah-Zakona-o-varstvu-pred-utopitvami-(ZVU-B)\" target=\"_blank\" rel=\"noopener\">ZVU-B<\/a>\u00a0(UL \u0161t. 9, 11. 2. 2011),\u00a0<a style=\"color: #910d0d;\" href=\"http:\/\/www.uradni-list.si\/1\/content?id=80205&amp;part=&amp;highlight=Zakon+o+varstvu+pred+utopitvami#!\/Zakon-o-varstvu-pred-utopitvami-(uradno-precisceno-besedilo)-(ZVU-UPB1)\" target=\"_blank\" rel=\"noopener\">ZVU-UPB1<\/a>\u00a0(UL \u0161t. 42, 15. 5. 2007)<\/li>\n<li><strong style=\"font-weight: bold;\">Pravilnik o vozilih s prednostjo in vozilih za spremstvo<\/strong>: (<a style=\"color: #910d0d;\" href=\"http:\/\/www.uradni-list.si\/1\/content?id=104208&amp;part=&amp;highlight=Pravilnik+o+vozilih+s+prednostjo#!\/Pravilnik-o-vozilih-s-prednostjo-in-vozilih-za-spremstvo\">UL \u0161t. 48, 24. 6. 2011<\/a>)<\/li>\n<li><strong style=\"font-weight: bold;\">Uredba o organiziranju, opremljanju in usposabljanju sil za za\u0161\u010dito, re\u0161evanje in pomo\u010d<\/strong>:\u00a0<a style=\"color: #910d0d;\" href=\"http:\/\/www.uradni-list.si\/1\/content?id=82525&amp;part=&amp;highlight=%25E2%2580%25A2%2509Uredba+o+organiziranju%252C+opremljanju+in+usposabljanju+sil+za+za%25C5%25A1%25C4%258Dito%252C+re%25C5%25A1evanje+in+pomo%25C4%258D+#!\/Uredba-o-organiziranju-opremljanju-in-usposabljanju-sil-za-zascito-resevanje-in-pomoc\">Uredba<\/a>\u00a0(Ur.l. RS \u0161t. 92\/2007 z dne 10.10.2007), (spremembe &#8211;\u00a0<a style=\"color: #910d0d;\" href=\"http:\/\/www.uradni-list.si\/1\/content?id=102900&amp;part=&amp;highlight=%25E2%2580%25A2%2509Uredba+o+organiziranju%252C+opremljanju+in+usposabljanju+sil+za+za%25C5%25A1%25C4%258Dito%252C+re%25C5%25A1evanje+in+pomo%25C4%258D+#!\/Uredba-o-spremembah-in-dopolnitvah-Uredbe-o-organiziranju-opremljanju-in-usposabljanju-sil-za-zascito-resevanje-in-pomoc\">UL \u0161t. 23, 31. 3. 2011<\/a>,\u00a0<a style=\"color: #910d0d;\" href=\"http:\/\/www.uradni-list.si\/1\/content?id=93193&amp;part=&amp;highlight=%25E2%2580%25A2%2509Uredba+o+organiziranju%252C+opremljanju+in+usposabljanju+sil+za+za%25C5%25A1%25C4%258Dito%252C+re%25C5%25A1evanje+in+pomo%25C4%258D+#!\/Uredba-o-spremembah-in-dopolnitvah-Uredbe-o-organiziranju-opremljanju-in-usposabljanju-sil-za-zascito-resevanje-in-pomoc\">UL \u0161t. 54, 13. 7. 2009<\/a>)\n<ul>\n<li>Sestavni del uredbe so tudi Merila za organiziranje in opremljanje gasilskih enot.<\/li>\n<\/ul>\n<\/li>\n<li><strong style=\"font-weight: bold;\">Pravila gasilske slu\u017ebe<\/strong>\u00a0(<a style=\"color: #910d0d;\" href=\"http:\/\/www.uradni-list.si\/1\/content?id=98686&amp;part=&amp;highlight=pravila+gasilske+slu%25C5%25BEbe#!\/Pravila-gasilske-sluzbe\">UL \u0161t. 52, 30. 6. 2010<\/a>)<\/li>\n<li><strong style=\"font-weight: bold;\">Posebna pravila gasilske slu\u017ebe prostovoljnih gasilcev 2010<\/strong>\u00a0(<a style=\"color: #910d0d;\" href=\"http:\/\/www.gasilec.net\/uploads\/datoteke\/Adriana\/Zakonodaja\/Posebna%20pravila%20GS%20prostovoljnih%20gasilcev%20Sprejeta_cistopis.doc\">posebna pravila<\/a>)<\/li>\n<li><strong style=\"font-weight: bold;\">Pravilnik o gasilski uniformah, oznakah, \u010dinih, opremi ter gasilskih izkaznicah\u00a0<\/strong>(<a style=\"color: #910d0d;\" href=\"http:\/\/www.uradni-list.si\/1\/content?id=82724&amp;part=&amp;highlight=Pravilnik+o+gasilskih+uniformah#!\/Pravilnik-o-gasilskih-uniformah-oznakah-cinih-opremi-ter-izkaznicah\">UL \u0161t. 95, 19. 10. 2007<\/a>), (spremembe &#8211;\u00a0<a style=\"color: #910d0d;\" href=\"http:\/\/www.uradni-list.si\/1\/content?id=105927&amp;part=&amp;highlight=Pravilnik+o+gasilskih+uniformah#!\/Pravilnik-o-spremembah-in-dopolnitvah-Pravilnika-o-gasilskih-uniformah-oznakah-cinih-opremi-ter-izkaznicah\">UL \u0161t. 93, 18. 11. 2011<\/a>)<\/li>\n<li><a style=\"color: #910d0d;\" href=\"http:\/\/www.gasilec.net\/uploads\/datoteke\/Adriana\/Zakonodaja\/Pravilnik%20o%20gasilskih%20uniformah_neuradno%20precisceno%20besedilo%202011.doc\">Neuradno pre\u010di\u0161\u010deno besedilo pravilnika o gasilskih uniformah, oznakah, \u010dinih, opremi ter izkaznicah<\/a>\u00a0(Ur.l. RS \u0161t. 95\/2007 z dne 19. 10. 2007, spremembe \u0161t. 93\/2011 z dne 18. 11. 2011 in popravek \u0161t. 100\/2011 z dne 9. 12. 2011)<\/li>\n<li><a style=\"color: #910d0d;\" href=\"http:\/\/www.gasilec.net\/uploads\/datoteke\/Adriana\/Zakonodaja\/Pravilnik_zdravstveni%20pregledi_NPB.doc\">Neuradno pre\u010di\u0161\u010deno besedilo pravilnika o\u00a0ugotavljanju zdravstvene sposobnosti prostovoljnih gasilcev<\/a>\u00a0(<a style=\"color: #910d0d;\" href=\"http:\/\/www.uradni-list.si\/1\/content?id=81489&amp;part=&amp;highlight=Pravilnik+o+ugotavljanju+zdravstvene#!\/Pravilnik-o-ugotavljanju-zdravstvene-sposobnosti-operativnih-gasilcev\">UL \u0161t. 65, 20. 7. 2007<\/a>), (spremembe\u00a0 &#8211;\u00a0<a style=\"color: #910d0d;\" href=\"http:\/\/www.uradni-list.si\/1\/content?id=102179&amp;part=&amp;highlight=Pravilnik+o+ugotavljanju+zdravstvene#!\/Pravilnik-o-spremembi-Pravilnika-o-ugotavljanju-zdravstvene-sposobnosti-operativnih-gasilcev\">UL \u0161t. 9, 11. 2. 2011<\/a>,\u00a0<a style=\"color: #910d0d;\" href=\"http:\/\/www.uradni-list.si\/1\/content?id=88144&amp;part=&amp;highlight=Pravilnik+o+ugotavljanju+zdravstvene#!\/Pravilnik-o-spremembi-Pravilnika-o-ugotavljanju-zdravstvene-sposobnosti-operativnih-gasilcev\">UL \u0161t. 80, 8. 8. 2008<\/a>)<\/li>\n<\/ul>\n<p class=\"Default\" style=\"color: #4d4d4d;\">\u00b7\u00a0 \u00a0 \u00a0<strong style=\"font-weight: bold;\">Pravilnik o usposabljanju in pooblastilih za izvajanje ukrepov varstva pred po\u017earom<\/strong>\u00a0(<a style=\"color: #910d0d;\" href=\"http:\/\/www.uradni-list.si\/1\/content?id=103427&amp;part=&amp;highlight=%25E2%2580%25A2%2509Pravilnik+o+usposabljanju+in+pooblastilih+za+izvajanje+ukrepov+varstva+pred+po%25C5%25BEarom#!\/Pravilnik-o-usposabljanju-in-pooblastilih-za-izvajanje-ukrepov-varstva-pred-pozarom\">UL \u0161t. 32, 29. 4. 2011<\/a>)<\/p>\n<ul style=\"color: #4d4d4d;\">\n<li><strong style=\"font-weight: bold;\">Uredba o varstvu pred po\u017earom v naravnem okolju<\/strong>\u00a0(<span style=\"color: windowtext;\"><a style=\"color: #910d0d;\" href=\"http:\/\/www.uradni-list.si\/1\/content?id=71140&amp;part=&amp;highlight=%25E2%2580%25A2%2509Uredba+o+varstvu+pred+po%25C5%25BEarom+v+naravnem+okolju+#!\/Uredba-o-varstvu-pred-pozarom-v-naravnem-okolju\">UL \u0161t. 4, 13. 1. 2006<\/a><\/span>)<\/li>\n<li><strong style=\"font-weight: bold;\">Pravilnik o po\u017earnem redu<\/strong>\u00a0(<span style=\"color: windowtext;\"><a style=\"color: #910d0d;\" href=\"http:\/\/www.uradni-list.si\/1\/content?id=80717&amp;part=&amp;highlight=Pravilnik+o+po%25C5%25BEarnem+redu#!\/Pravilnik-o-pozarnem-redu\">UL \u0161t. 52, 12. 6. 2007<\/a><\/span>), (spremembe &#8211;\u00a0<span style=\"color: windowtext;\"><a style=\"color: #910d0d;\" href=\"http:\/\/www.uradni-list.si\/1\/content?id=103584&amp;part=&amp;highlight=Pravilnik+o+po%25C5%25BEarnem+redu#!\/Pravilnik-o-spremembah-in-dopolnitvah-Pravilnika-o-pozarnem-redu\">UL \u0161t. 34, 6. 5. 2011<\/a>,\u00a0<a style=\"color: #910d0d;\" href=\"http:\/\/www.uradni-list.si\/1\/content?id=106314&amp;part=&amp;highlight=Pravilnik+o+po%25C5%25BEarnem+redu#!\/Pravilnik-o-spremembah-in-dopolnitvah-Pravilnika-o-pozarnem-redu\">UL \u0161t. 101, 12. 12. 2011<\/a>)<\/span><\/li>\n<li><strong style=\"font-weight: bold;\">Pravilnik o metodologiji za ugotavljanje ocene po\u017earne ogro\u017eenosti<\/strong>\u00a0(<a style=\"color: #910d0d;\" href=\"http:\/\/www.uradni-list.si\/1\/content?id=13026&amp;part=&amp;highlight=%25E2%2580%25A2%2509Pravilnik+o+metodologiji+za+ugotavljanje+ocene+po%25C5%25BEarne+ogro%25C5%25BEenosti+#!\/Pravilnik-o-metodologiji-za-ugotavljanje-ocene-pozarne-ogrozenosti\">UL \u0161t. 70, 6. 12. 1996<\/a>)<\/li>\n<\/ul>\n<ul style=\"color: #4d4d4d;\">\n<li><strong style=\"font-weight: bold;\">Pravilnik o vajah na podro\u010dju varstva pred naravnimi in drugimi nesre\u010dami<\/strong>\u00a0(<a style=\"color: #910d0d;\" href=\"http:\/\/www.uradni-list.si\/1\/content?id=89008&amp;part=&amp;highlight=%25E2%2580%25A2%2509Pravilnik+o+vajah+na+podro%25C4%258Dju+varstva+pred+naravnimi+in+drugimi+nesre%25C4%258Dami#!\/Pravilnik-o-vajah-na-podrocju-varstva-pred-naravnimi-in-drugimi-nesrecami\">UL \u0161t. 104, 3. 11. 2008<\/a>)<\/li>\n<li><strong style=\"font-weight: bold;\">Pravilnik o\u00a0obve\u0161\u010danju in poro\u010danju v sistemu varstva pred naravnimi in drugimi nesre\u010dami<\/strong>\u00a0(<a style=\"color: #910d0d;\" href=\"http:\/\/uradni-list.si\/1\/content?id=85486&amp;part=&amp;highlight=Pravilnik+o+obve%25C5%25A1%25C4%258Danju+in+poro%25C4%258Danju+v+sistemu+varstva+pred+naravnimi+in+drugimi+nesre%25C4%258Dami#!\/Pravilnik-o-obvescanju-in-porocanju-v-sistemu-varstva-pred-naravnimi-in-drugimi-nesrecami\" target=\"_blank\" rel=\"noopener\">UL \u0161t. 26, 17.3.2008<\/a>), (spremembe &#8211;\u00a0<span style=\"color: #333333;\"><a style=\"color: #910d0d;\" href=\"http:\/\/uradni-list.si\/1\/content?id=108215&amp;part=&amp;highlight=Pravilnik+o+obve%25C5%25A1%25C4%258Danju+in+poro%25C4%258Danju+v+sistemu+varstva+pred+naravnimi+in+drugimi+nesre%25C4%258Dami#!\/Pravilnik-o-spremembi-Pravilnika-o-obvescanju-in-porocanju-v-sistemu-varstva-pred-naravnimi-in-drugimi-nesrecami\" target=\"_blank\" rel=\"noopener\">UL \u0161t. 28, 16. 4. 2012<\/a>,\u00a0<span style=\"color: #333333;\"><a style=\"color: #910d0d;\" href=\"http:\/\/uradni-list.si\/1\/content?id=108813&amp;part=&amp;highlight=Pravilnik+o+obve%25C5%25A1%25C4%258Danju+in+poro%25C4%258Danju+v+sistemu+varstva+pred+naravnimi+in+drugimi+nesre%25C4%258Dami#!\/Pravilnik-o-spremembah-in-dopolnitvah-Pravilnika-o-obvescanju-in-porocanju-v-sistemu-varstva-pred-naravnimi-in-drugimi-nesrecami\" target=\"_blank\" rel=\"noopener\">UL \u0161t. 42, 1. 6. 2012<\/a>)<\/span><\/span><\/li>\n<li><strong style=\"font-weight: bold;\">Pravilnik o pitni vodi<\/strong>\u00a0(<a style=\"color: #910d0d;\" href=\"http:\/\/www.uradni-list.si\/1\/content?id=47477&amp;part=&amp;highlight=pravilnik+o+pitni+vodi#!\/Pravilnik-o-pitni-vodi\">UL \u0161t. 19, 1. 3. 2004<\/a>), (spremembe &#8211;\u00a0<a style=\"color: #910d0d;\" href=\"http:\/\/www.uradni-list.si\/1\/content?id=48244&amp;part=&amp;highlight=pravilnik+o+pitni+vodi#!\/Pravilnik-o-spremembah-in-dopolnitvah-pravilnika-o-pitni-vodi\">UL \u0161t. 35, 9. 4. 2004<\/a>,\u00a0<a style=\"color: #910d0d;\" href=\"http:\/\/www.uradni-list.si\/1\/content?id=72228&amp;part=&amp;highlight=pravilnik+o+pitni+vodi#!\/Pravilnik-o-spremembi-Pravilnika-o-pitni-vodi\">UL \u0161t. 26, 10. 3. 2006<\/a>,\u00a0<a style=\"color: #910d0d;\" href=\"http:\/\/www.uradni-list.si\/1\/content?id=75231&amp;part=&amp;highlight=pravilnik+o+pitni+vodi#!\/Pravilnik-o-spremembah-Pravilnika-o-pitni-vodi\">UL \u0161t. 92, 1. 9. 2006<\/a>,\u00a0<a style=\"color: #910d0d;\" href=\"http:\/\/www.uradni-list.si\/1\/content?id=91491&amp;part=&amp;highlight=pravilnik+o+pitni+vodi#!\/Pravilnik-o-spremembah-in-dopolnitvah-Pravilnika-o-pitni-vodi\">UL \u0161t. 25, 3. 4. 2009<\/a>)<\/li>\n<li><strong style=\"font-weight: bold;\">Pravilnik o oskrbi s pitno vodo<\/strong>\u00a0(<a style=\"color: #910d0d;\" href=\"http:\/\/www.uradni-list.si\/1\/content?id=72650&amp;part=&amp;highlight=pravilnik+o+oskrbi+s+pitno+vodo#!\/Pravilnik-o-oskrbi-s-pitno-vodo\">UL \u0161t. 35, 4. 4. 2006<\/a>), (spremembe &#8211;\u00a0<a style=\"color: #910d0d;\" href=\"http:\/\/www.uradni-list.si\/1\/content?id=86279&amp;part=&amp;highlight=pravilnik+o+oskrbi+s+pitno+vodo#!\/Pravilnik-o-spremembah-in-dopolnitvah-Pravilnika-o-oskrbi-s-pitno-vodo\">UL \u0161t. 41, 25. 4. 2008<\/a>)<\/li>\n<\/ul>\n<ul style=\"color: #4d4d4d;\">\n<li><strong style=\"font-weight: bold;\">Zakon o javnih zbiranjih<\/strong>:\u00a0<a style=\"color: #910d0d;\" href=\"http:\/\/www.uradni-list.si\/1\/content?id=104889&amp;part=&amp;highlight=Zakon+o+javnih+zbiranjih#!\/Zakon-o-javnih-zbiranjih-(uradno-precisceno-besedilo)-(ZJZ-UPB5)\">ZJZ-UPB5<\/a>\u00a0(uradno pre\u010di\u0161\u010deno besedilo &#8211; UL \u0161t. 64, 12. 8. 2011)<\/li>\n<\/ul>\n<ul style=\"color: #4d4d4d;\">\n<li><strong style=\"font-weight: bold;\">Zakon o varstvu osebnih podatkov<\/strong>:\u00a0<a style=\"color: #910d0d;\" href=\"http:\/\/www.uradni-list.si\/1\/content?id=82668&amp;part=&amp;highlight=zvop#!\/Zakon-o-varstvu-osebnih-podatkov-%28uradno-precisceno-besedilo%29-%28ZVOP-1-UPB1%29\">ZVOP1-UPB1<\/a>\u00a0(UL \u0161t. 94, 16. 10. 2007)<\/li>\n<li><strong style=\"font-weight: bold;\">Tipizacija gasilskih vozil in opreme<\/strong>:\u00a0<a style=\"color: #910d0d;\" href=\"http:\/\/www.gasilec.net\/uploads\/datoteke\/MarkoM\/Microsoft%20Word%20-%20Tipizacija%20gasilskih%20vozil_nova%20%202012.pdf\">Vozila<\/a>,\u00a0<a style=\"color: #910d0d;\" href=\"http:\/\/www.gasilec.net\/operativa\/operativa-tehnika\/oprema\">Oprema<\/a>.<\/li>\n<li><strong style=\"font-weight: bold;\">Zakon o tehni\u010dnih zahtevah za proizvode in o ugotavljanju skladnosti<\/strong>\u00a0(<a style=\"color: #910d0d;\" href=\"http:\/\/www.uradni-list.si\/1\/content?id=102528&amp;part=&amp;highlight=Zakon+o+tehni%25C4%258Dnih+zahtevah+za+proizvode+in+o+ugotavljanju+skladnosti#!\/Zakon-o-tehnicnih-zahtevah-za-proizvode-in-o-ugotavljanju-skladnosti-%28ZTZPUS-1%29\" target=\"_blank\" rel=\"noopener\">UL \u0161t. 17\/11 -ZTZPUS-1<\/a>)<\/li>\n<li><strong style=\"font-weight: bold;\">Pravilnih o osebni varovalni opremi<\/strong>\u00a0(<a style=\"color: #910d0d;\" href=\"http:\/\/www.uradni-list.si\/1\/content?id=54727&amp;part=&amp;highlight=Pravilnik+o+osebni+varovalni+opremi#!\/Pravilnik-o-osebni-varovalni-opremi\" target=\"_blank\" rel=\"noopener\">UL \u0161t. 29, 22. 3. 2005<\/a>), spremembe (<a style=\"color: #910d0d;\" href=\"http:\/\/www.uradni-list.si\/1\/content?id=72048&amp;part=&amp;highlight=Pravilnik+o+osebni+varovalni+opremi#!\/Pravilnik-o-spremembah-Pravilnika-o-osebni-varovalni-opremi\">UL \u0161t. 23, 3. 3. 2006<\/a>,\u00a0<a style=\"color: #910d0d;\" href=\"http:\/\/www.uradni-list.si\/1\/content?id=105186&amp;part=&amp;highlight=Pravilnik+o+osebni+varovalni+opremi#!\/Pravilnik-o-spremembah-Pravilnika-o-osebni-varovalni-opremi\" target=\"_blank\" rel=\"noopener\">UL \u0161t. 76, 30. 9. 2011<\/a>)<\/li>\n<li><strong style=\"font-weight: bold;\">Zakon o dru\u0161tvih<\/strong>:\u00a0<a style=\"color: #910d0d;\" href=\"http:\/\/www.uradni-list.si\/1\/content?id=104888&amp;part=&amp;highlight=zakon+o+dru%25C5%25A1tvih#!\/Zakon-o-drustvih-%28uradno-precisceno-besedilo%29-%28ZDru-1-UPB2%29\">ZDru-1-UPB2<\/a>\u00a0(UL \u0161t. 64, 12. 8. 2011)\n<ul>\n<li>Statut dru\u0161tva.<\/li>\n<li>Pravilniki dru\u0161tva: Pravilnik o disciplinskem postopku, Pravilnik o organizaciji poslovanja.<\/li>\n<\/ul>\n<\/li>\n<li><a style=\"color: #910d0d;\" href=\"http:\/\/www.gasilec.net\/operativa\/operativa-tekmovanja\">Pravila gasilskih tekmovanj<\/a><\/li>\n<\/ul>\n","protected":false},"excerpt":{"rendered":"<p>Zakon o varstvu pred naravnimi in drugimi nesre\u010dami:\u00a0ZVNDN-B\u00a0(spremembe\u00a0 &#8211; Ur.l. RS \u0161t. UL \u0161t. 97, 3. 12. 2010),\u00a0ZVNDN-UPB1\u00a0(UL \u0161t. 51, 18. 5. 2006), Zakon o gasilstvu:\u00a0ZGas-UPB1\u00a0(UL \u0161t. 113, 16. 12. 2005) Zakon o varstvu pred po\u017earom:\u00a0ZVPoz-D\u00a0(spremembe &#8211; UL \u0161t. 83, 6. 11. 2012),\u00a0ZVPoz-C\u00a0(spremembe &#8211; UL \u0161t. 9, 11. 2. 2011),\u00a0ZVPoz-UPB1\u00a0(uradno pre\u010di\u0161\u010deno besedilo &#8211; UL \u0161t. &hellip; <\/p>\n<p class=\"link-more\"><a href=\"http:\/\/www.pgd-sostanj.si\/?page_id=410\" class=\"more-link\">Read more<span class=\"screen-reader-text\"> &#8220;Zakonodaja&#8221;<\/span><\/a><\/p>\n","protected":false},"author":5,"featured_media":0,"parent":2,"menu_order":8,"comment_status":"closed","ping_status":"closed","template":"","meta":{"footnotes":""},"class_list":["post-410","page","type-page","status-publish","hentry"],"_links":{"self":[{"href":"http:\/\/www.pgd-sostanj.si\/index.php?rest_route=\/wp\/v2\/pages\/410","targetHints":{"allow":["GET"]}}],"collection":[{"href":"http:\/\/www.pgd-sostanj.si\/index.php?rest_route=\/wp\/v2\/pages"}],"about":[{"href":"http:\/\/www.pgd-sostanj.si\/index.php?rest_route=\/wp\/v2\/types\/page"}],"author":[{"embeddable":true,"href":"http:\/\/www.pgd-sostanj.si\/index.php?rest_route=\/wp\/v2\/users\/5"}],"replies":[{"embeddable":true,"href":"http:\/\/www.pgd-sostanj.si\/index.php?rest_route=%2Fwp%2Fv2%2Fcomments&post=410"}],"version-history":[{"count":5,"href":"http:\/\/www.pgd-sostanj.si\/index.php?rest_route=\/wp\/v2\/pages\/410\/revisions"}],"predecessor-version":[{"id":5173,"href":"http:\/\/www.pgd-sostanj.si\/index.php?rest_route=\/wp\/v2\/pages\/410\/revisions\/5173"}],"up":[{"embeddable":true,"href":"http:\/\/www.pgd-sostanj.si\/index.php?rest_route=\/wp\/v2\/pages\/2"}],"wp:attachment":[{"href":"http:\/\/www.pgd-sostanj.si\/index.php?rest_route=%2Fwp%2Fv2%2Fmedia&parent=410"}],"curies":[{"name":"wp","href":"https:\/\/api.w.org\/{rel}","templated":true}]}}